 188 = 12*t. Let b = -71 - t. Let y = 6 - b. Calculate the remainder when 87 is divided by y.
27
Let i = -1616 + 1674. What is the remainder when i is divided by 11?
3
Let d = -123 - -521. Let q = -23 - -41. Calculate the remainder when d/6 - -1*10/15 is divided by q.
13
Let y = 7481 + -7449. Suppose -4*p - 321 = -937. What is the remainder when p is divided by y?
26
Let k(u) = -8*u - 76. Let h be k(-9). What is the remainder when 3/((-9)/(-384) - 0) is divided by (-6)/3*h/16*26?
11
Let d(f) = -f**3 + 18*f**2 - 39*f - 19. Suppose -4*h + 7*h - 53 = 4*n, 4*h + 3*n = 54. What is the remainder when 138 is divided by d(h)?
67
Let d(m) = -10*m - 83. Let x be (-3 + 44/20)*(-140)/(-8). What is the remainder when d(x) is divided by 16?
9
Suppose 36*u = 5783 - 2363. Calculate the remainder when 1778 is divided by u.
68
Let j = -12177 - -12223. Let a(r) = 7*r**2 - r + 3. What is the remainder when a(-3) is divided by j?
23
Let q be 99 + ((-2)/5)/((-18)/(-45)). Suppose -102*u + 88 = -q*u. What is the remainder when 99 is divided by u?
11
Let l(g) = 23*g + 6. Let q be 10/8*2 + 3/6. Let o = 80 + -54. What is the remainder when l(q) is divided by o?
23
Suppose 2 = 4*q - 3*a, 0 = -3*q + 2*a + 2*a - 2. Suppose 28 + 16 = q*k. Suppose 4*s - 111 = 149. Calculate the remainder when s is divided by k.
21
Let g(m) = 16*m - 472. Let a(z) = 3*z - 94. Let r(h) = -11*a(h) + 2*g(h). What is the remainder when r(31) is divided by 9?
5
Let a be (((-807)/(4 + -1))/1)/(-1). Suppose -13*j + a = -30. Calculate the remainder when j is divided by 1 + -1 - 1*-10.
3
Suppose -1311*g + 1308*g = -4179. What is the remainder when g is divided by 20?
13
Let x = -37015 - -37244. Calculate the remainder when 21981 is divided by x.
226
Calculate the remainder when 213 is divided by (1 - 1/(-2))/((-4)/(992/(-6))).
27
Suppose 18*g + 4416 = -1182. Let x = 382 + g. Suppose 55 = 4*l - t - 84, -2*l + 52 = -4*t. Calculate the remainder when x is divided by l.
35
Let f = -37637 + 39835. What is the remainder when f is divided by 130?
118
Let n = 6194 - 6052. What is the remainder when 146 is divided by n?
4
What is the remainder when 433 is divided by (15 + 80)*14/70?
15
Suppose 21*w + 60 = 2*x + 26*w, -33 = -3*x + 2*w. Calculate the remainder when 249 is divided by x.
9
Suppose 28 = 10*d - 3*d. Let q be -4*d/(-8) + -4. What is the remainder when 131 is divided by q/(-6) - 70/(-6)?
11
What is the remainder when 6 + (208 - -11 - 7) is divided by 77?
64
Suppose 2 - 6 = -2*s. Suppose 4 = s*z - 2. Let k(t) = 2145*t + 338919. Calculate the remainder when k(-158) is divided by z.
0
Let i be 320/6*(-1449)/(-92). Suppose -33*o + 13*o + i = 0. Calculate the remainder when 209 is divided by o.
41
Let v = 2 + 0. Let j be -4 + 3 + 110 + 1. Suppose v*h + 3*r = j, -3*h - 5*r - 72 = -237. What is the remainder when h is divided by 19?
17
Suppose y + 3137 - 3751 = -4*l, y - 2*l = 590. What is the remainder when y is divided by 219?
160
Let v = -268061 + 268075. Suppose 0 = -3*u + 12, 2*m - 3*u = 3*m - 16. Suppose -s = d - 45 + 17, -d = -m*s - 8. Calculate the remainder when d is divided by v.
10
Let j(u) = 10*u - 3. Suppose 13*m + 2043 = -986. Let x = -133 - m. Calculate the remainder when x is divided by j(2).
15
Suppose -363*t + 5092 = -229*t. Calculate the remainder when 572 is divided by t.
2
Let t = -200 + -59. Let y = 294 + t. Calculate the remainder when 82 is divided by y.
12
Suppose j + 2 = 4. Let k(y) = 3 + 6*y + 6*y**2 - y**3 - 11*y**j + 2. What is the remainder when 12 is divided by k(-6)?
2
Let x(a) = -4*a**2 - 40*a - 63. Calculate the remainder when 1363 is divided by x(-7).
19
Let b(i) = -2*i**2 + 26*i - 53. Let k be b(10). Suppose -165 = -3*y - 4*h + k*h, -y = -3*h - 61. Calculate the remainder when y is divided by 28.
24
Let p(b) = -13*b + 8. Suppose 3*l = -l + 648. Calculate the remainder when l is divided by p(-1).
15
Suppose 0 = 5*d - 9360 + 8300. What is the remainder when d is divided by 39?
17
Let x = 4952 + -4933. What is the remainder when 83 is divided by x?
7
Suppose 0 = -20*v + 24*v + 360. Calculate the remainder when 421 is divided by -3 + (-5 + 0 - -3 - v).
81
Let i(l) = -l**3 + 5*l**2 - 3*l - 1. Let k be i(4). Suppose -6*w = -2*x - 3*w, 0 = -x - k*w + 18. What is the remainder when 28 + 7 + (-1 - 11) is divided by x?
5
Let q(k) = 6*k**2 + 158*k + 8. Let f be q(-28). Let p = f - 277. Calculate the remainder when 33 is divided by p.
0
Suppose -504*y = -520*y + 928. What is the remainder when 394 is divided by y?
46
Let f be ((-2 - 0) + 1)*(2 + -2). Suppose f = -11*c - 3*c + 196. Let q(b) = b**3 - 7*b**2 + 15*b + 6. Calculate the remainder when q(7) is divided by c.
13
Let f(h) = -6066*h + 1293. Calculate the remainder when f(-1) is divided by 16.
15
Let a(o) = 4*o + 4. Let j(y) = 9*y**2 + 67*y + 128. Calculate the remainder when a(11) is divided by j(-5).
12
Let h(i) = 9*i**2 - 6*i - 7. Let k be h(-1). Let p(z) = -3*z**3 + 25*z**2 - 7*z + 17. Calculate the remainder when ((-2)/(-4))/(1/188) is divided by p(k).
19
Suppose -5*k = -235*f + 238*f - 4168, k = f + 824. What is the remainder when k is divided by 64?
62
Let p(s) = -95*s**3 - 5*s**2 - 31*s - 67. What is the remainder when p(-3) is divided by 28?
26
Let b = 13 + 9. Let i = -11 + b. Suppose -38*k - 175 = -3405. Calculate the remainder when k is divided by i.
8
Let f(q) = -q**3 + 16*q**2 - q + 7. What is the remainder when f(10) is divided by 13?
12
Let c(p) = p**2 + 5*p - 7. Let s be c(-7). What is the remainder when 9 - s/((-14)/394) is divided by 56?
38
Suppose 0 = -4*u - 2*x + 69556, -6*x + 2*x - 156501 = -9*u. Calculate the remainder when u is divided by 16.
13
Let w(u) = u**2 - 7*u + 10. Suppose -21*o + 5*o + 176 = 0. What is the remainder when 158 is divided by w(o)?
50
Let g(k) = -14*k + 60. Let a be g(4). Suppose 3*n - 111 = -o - 6, 0 = -o - a*n + 103. Calculate the remainder when o is divided by 28.
27
Let t(i) = -i**3 - 10*i**2 + 6*i + 7. Let k be t(-9). Let m = k - -250. Suppose 4*s = 74 + m. What is the remainder when s is divided by 10?
9
Suppose 47*p = -1018 - 298. Let i(b) = -b**3 - 21*b**2 + 197*b + 41. Calculate the remainder when 2 + -2 + 2 + 42 is divided by i(p).
5
Suppose -l + 5*b = -316, -91*b + 320 = l - 95*b. What is the remainder when 681 is divided by l?
9
Suppose 0 = 10*s - 7*s - 306. Suppose -2*i - 3*i = -4*r + 284, -r - 4*i + 50 = 0. Let c = s - r. What is the remainder when 107 is divided by c?
35
Suppose 135 + 19 = 5*x - 3*t, -2*x + 5*t = -54. Let u(p) = 20*p - 6. Calculate the remainder when u(5) is divided by x.
30
Let y be 2380/18 - (6 - 260/45). Suppose 21 = 3*r - y. Suppose -r = -d + 4*n, -4*d + 3*n + 221 = 4*n. Calculate the remainder when d is divided by 19.
17
Suppose -4*v - 3554 = 4*l - 3914, -27 = 3*l. Let r = -17 + 35. Let f = 32 + r. Calculate the remainder when v is divided by f.
49
Let u = -17517 - -19552. Calculate the remainder when u is divided by 24.
19
Let c(a) = 67*a + 582. Calculate the remainder when 688 is divided by c(-6).
148
Suppose -257*y = -270*y + 5018. What is the remainder when y is divided by 46?
18
Suppose 146*k + 7100 - 74552 = 0. Calculate the remainder when 1396 is divided by k.
10
Let g be (-1*2)/(2/(-4)). Suppose 5*o - 26 - 324 = 5*w, -12 = -g*w. What is the remainder when o is divided by 26?
21
Let h be ((-12)/(-4))/((-6)/(-4)). Suppose -4*b + 10*i + 24 = 14*i, -5*i = -4*b + 15. Calculate the remainder when 121 is divided by (2/(-3))/(b/((-465)/h)).
28
Let p = 555 - 172. Suppose -3*q = 272 - p. What is the remainder when 69 is divided by q?
32
Suppose -4*o - 1154 = -5*p - 5*o, o = 2*p - 456. Let q = p - 210. What is the remainder when 43 is divided by q?
3
Let g(o) = 42*o**2 + 3*o + 2. Let p be g(2). Suppose 85 = l - 3*h, 0*l - p = -2*l + 3*h. Suppose -47 = -6*c + l. Calculate the remainder when c is divided by 8.
7
Suppose 4*m + 18 = -5*z + 6*z, 2*z + 4*m = 0. Suppose 7*v = -z*v + 156. Calculate the remainder when 22 is divided by v.
10
Let n = -504 + 517. Let w = 47 + n. Calculate the remainder when 101 is divided by w.
41
Suppose 0 = -x + 2*x - 13. Suppose -2*y + y - x = -5*j, -j + 3 = 0. Calculate the remainder when 27 is divided by y.
1
Let s = -447 - -61. Let j = -339 - s. What is the remainder when 938 is divided by j?
45
Let w(n) = -64*n - 188. L